(f).
17
Let g(k) = 2*k - 6. Suppose 0 = 3*n - 4*d + 7*d - 33, 12 = 4*n - 4*d. Determine g(n).
8
Suppose 3*j + 2*g - 7 = 0, 4*g - 1 - 1 = -2*j. Let o(l) = -5 - 4 + 3 - 5*l + j + l**2. Determine o(5).
-3
Let l(h) = 2*h. Let w = -4 - -1. Let t be (1/w)/((-6)/18). Calculate l(t).
2
Let b be 2/3 + 39/9. Let n = -1 + 2. Let t(x) = -4 - n - 2 + 3*x. Give t(b).
8
Let b(q) be the first derivative of q**2/2 - 20. Give b(-3).
-3
Suppose 5*n - 9*n + 8 = 0. Let f(r) = -4*r**n + 3*r**2 - 1 + 2*r**3 + r**2. Let u(l) = l - 5. Let s be u(6). What is f(s)?
1
Let i(t) = 7*t**2 + 2*t + 1. Suppose -3*d + c - 3 = 0, -4*d + 2*c - 5 + 1 = 0. What is i(d)?
6
Let m(s) = s**3 - 6*s**2 + 3*s + 6. Let j be 4/(-2) + (4 - 1). Suppose j = n - 3*a + 2, 2*n - a - 3 = 0. Let f = n - -3. Determine m(f).
-4
Suppose -2*g = -4*l + 6, -l = -0*l + 3*g + 9. Let v(a) = l*a - 2*a + 2*a + 4 - a. Give v(0).
4
Let h be (2 - (2 - 2)) + -4. Let c be 0/(((-12)/h)/(-3)). Let l(x) = 3*x**3 + 6*x + c - 5*x**3 + 1 - 4*x. Determine l(-1).
1
Let y(v) be the third derivative of v**8/20160 + v**7/720 + v**6/144 - v**5/10 + v**2. Let w(a) be the third derivative of y(a). What is w(-5)?
-5
Let x(m) = -m + 2. Let j = -6 + 8. Suppose -4 = -j*t + 3*t. What is x(t)?
6
Let r(h) = -12*h**3 + 2*h**2 + 24*h**3 - 11*h**3 + h. Give r(-2).
-2
Let l(x) = 1. Let n(m) = -3*m**2 - 2*m + 6. Let v(k) = 5*l(k) - n(k). Give v(1).
4
Suppose -4 = -3*r + 4*r. Let p be -3*(1 + r/3). Let j(i) = i + 5 - 3*i - i + p. Give j(4).
-6
Let i(x) be the second derivative of x**4/12 + 2*x**3/3 - 5*x**2/2 - 20*x. Let b(c) = c**2 - 7*c + 6. Let n be 38/8 - (-1)/4. Let m be b(n). Calculate i(m).
-5
Let z = -5 - -7. Suppose p = -z*c + 7*c, p = -2*c. Let q(k) = -k + 9. Determine q(c).
9
Let i be (5/3)/(7/21). Let o(n) = -3 + 5*n**2 - 2*n**2 - 3*n**2 + i*n + 2*n**2. Calculate o(-4).
9
Let d(n) be the second derivative of 1/20*n**5 - 2*n + 7/6*n**3 - 3*n**2 - 1/2*n**4 + 0. Calculate d(5).
4
Let r be 4/(((-1)/2)/((-11)/22)). Let t(w) = -2*w + 2. Give t(r).
-6
Let t(g) = g**2 - 4*g + 1. Suppose 5*a - a = 32. Suppose 3*r = -2*j + a, -2 = -4*j + 2*j. Determine t(r).
-3
Let v be 0 - (2 - 3 - -2). Let a = 4 - v. Let l(c) = c**3 + c**2 + c - 1. Let y(f) = 3*f**3 - 2*f**2 - 3*f. Let p(i) = -2*l(i) + y(i). Calculate p(a).
2
Let c(v) be the first derivative of v**3/3 + v**2 - v + 12. What is c(-3)?
2
Let o be ((-9)/(-5))/((-48)/(-160)). Let g(p) be the third derivative of 3*p**2 + 1/24*p**4 + 0*p - 1/24*p**o + 0*p**5 + 0*p**3 + 0. Determine g(-1).
4
Let g(k) = -6*k - 13. Let v be g(-3). Let b(w) be the second derivative of -1/6*w**3 + 0*w**2 - 2*w - 1/2*w**v + 1/6*w**4 + 0. Determine b(1).
-9
Let z(c) = 1 - 3 + 0*c**2 - 2*c**2 + 6*c**2 - 4*c + c**3. Determine z(-5).
-7
Let h(t) = 5*t**3 + 2*t**2 + t. Let q(x) = -x**2 + 13*x - 6. Let m be q(12). Let p be (-3)/(m/(-4)) + -3. Let k be -1 - (p - 0) - 1. What is h(k)?
-4
Let a(y) = 0 + 6*y**3 + 15*y**2 - 5 + 4 + 2*y - 17*y**2. Determine a(1).
5
Let z(q) be the first derivative of -1 + 0*q + 1/24*q**4 - 1/2*q**3 - 2*q**2. Let u(h) be the second derivative of z(h). Give u(-5).
-8
Let f(k) = 6*k**3 - 10*k**2 + 3*k. Let s(v) = -v. Let n be s(5). Let p(q) = -q**3 + q**2 - 1. Let w(r) = n*p(r) - f(r). Determine w(4).
9
Let s(r) be the first derivative of -r**4/4 + 5*r**3/3 - r**2/2 + 5*r + 16. Give s(5).
0
Suppose 5*q + 0*q = 20. Let f(z) = z + 1. Suppose -4*w + 22 = -2*j, 2*j + w - 8 = -w. Let s(t) = 7*t + 8. Let k(y) = j*s(y) + 6*f(y). What is k(q)?
-6
Let g(l) be the second derivative of -l**3/3 + l**2/2 + l. Let a be 25/(-20) + (-1)/(-4). What is g(a)?
3
Let y(p) be the first derivative of -5*p**2/2 - p + 149. Let a = -2 + 3. Give y(a).
-6
Let r(n) = 4*n + 2*n - 7*n - 1 - 2. What is r(-6)?
3
Let q(g) be the second derivative of -g**5/20 - g**4/4 + g**3 + 3*g**2/2 + g. Let h(f) = 2*f**3 + 2*f + 0*f + 4 - 4*f**2 - f**3 - 4*f. Let i be h(4). Give q(i).
-5
Let k(w) = -2*w**3 + 3*w**2 - 3*w + 2. Let p(r) = -5*r**3 + 8*r**2 - 8*r + 6. Let b(x) = 8*k(x) - 3*p(x). Suppose 5*y - 2*y + 6 = 0. Give b(y).
6
Let g be -4 - 3*-4 - 2. Let q(l) = 2*l + 7. What is q(g)?
19
Let b(a) be the first derivative of -6*a - 1/3*a**3 - 2*a**2 + 1. Give b(-5).
-11
Let z(p) = -2*p + 3. Let u be z(2). Let a(j) = -4*j**2 + 2*j + 1. Give a(u).
-5
Let w be (-18)/(-10)*(-7)/(84/(-40)). Let i(u) = -u**2 + 10*u + 1. Determine i(w).
25
Let a be (8/10)/((-2)/(-5)). Let b(d) be the second derivative of d**4/12 + d**3/6 + 16*d. Give b(a).
6
Suppose -q - 4*b = 0, -3*q = -4*b - 0 - 16. Let m(l) = -2*l + l + l + q + 3*l. What is m(-3)?
-5
Suppose -3*n - 6 = m - 2*m, 2*n + m + 9 = 0. Let d(s) = -3*s + 12. Let w(i) = -2*i + 6. Let k(v) = n*d(v) + 5*w(v). What is k(-6)?
0
Let i(y) = -2*y + 4. Let w be 2/(-3)*(-1 + -8). Suppose 2*j = 8 + w. Determine i(j).
-10
Let t(w) = -2*w - 7. Let y be (0 - 2) + (-1 - 2 - 1). Calculate t(y).
5
Let k(j) = j**2 - j - 1 - j**2 + 0*j + j**2. Let v = -3 + 6. What is k(v)?
5
Let c(p) be the second derivative of -p**5/20 - 5*p**4/12 - p**3/2 + p**2 + p. Let d = 22 + -11. Suppose 5*k - 3*f + 15 = -d, 3*f - 6 = 0. Give c(k).
-2
Suppose 3*u + 25 = 4*u. Suppose s - 6*s - u = 0. Let n(x) = -3*x - 3. Calculate n(s).
12
Suppose -2*p + 80 = 2*p. Suppose 0 = -3*v - 2*v + p. Let i(g) be the third derivative of -g**5/60 + g**4/4 - 2*g**3/3 - 3*g**2. Give i(v).
4
Suppose 5*k - 4 - 6 = 0. Let z(a) = a**k - 3*a**2 - 1 - 3*a**2. Let h(m) = m - 3. Let y be h(4). Calculate z(y).
-6
Let f(t) = -5*t**2 - 6*t - 3. Let k(d) = -6*d**2 - 6*d - 3. Let c(r) = -5*f(r) + 4*k(r). Give c(-4).
-5
Let b(s) = -12*s - 2. Suppose 1 - 27 = 13*y. What is b(y)?
22
Let u be (4/6)/(1/3). Let b(j) = -2 - 4*j**3 - j**3 + u*j**3 + 4*j**3. Let n = 0 - -2. Calculate b(n).
6
Let z(m) be the first derivative of -m**4/4 - 7*m**3/3 + 3*m - 8. Let s be z(-7). Let a(u) = -u - 3 + 2*u + 0. Determine a(s).
0
Let c(l) = -l**2 + 7*l + 2. Let u(k) = -k**2 - 7*k - 1. Let f be u(-6). Give c(f).
12
Let u(i) = 2*i - 9. Let g be u(4). Let k be 0 - (-4 + (g - 0)). Let d(h) = -2*h + 2*h + h. Give d(k).
5
Let h(i) = i**2 - 5*i + 4. Suppose 0 = -n, v - 4*n + n - 5 = 0. Calculate h(v).
4
Suppose -2 = -4*n + 2. Let m(u) = 5*u**2 + u - 1. Give m(n).
5
Let x(l) = -3*l - 2 + 5 + 4*l. Suppose 3*r - 17*r = 0. Determine x(r).
3
Let x be ((-2)/(-4))/((-1)/8). Let z be ((-1)/2)/((-2)/x). Let j(b) be the third derivative of b**5/15 - b**4/12 - b**3/6 + 218*b**2. Determine j(z).
5
Let j(l) = -l - 161 + 78 + 81. Determine j(6).
-8
Let f(b) = -3*b + 3. Let u = -13 + 15. What is f(u)?
-3
Let f(o) = -1 - o**2 + o - o**2 - 3*o**2 - o**3. Let p = 6 + -11. Give f(p).
-6
Let a(z) = -z**3 + 4*z**2 - 3*z + 6. Let w = 0 - 5. Let t(l) = 5*l + 9. Let b(x) = -x. Let n(k) = 4*b(k) + t(k). Let d be n(w). Calculate a(d).
-6
Let y(q) = q**3 + 6*q**2 + 7*q + 5. Let g = -6 + 6. Let i be ((-5)/(-1))/(g + -1). What is y(i)?
-5
Suppose u - 6 + 1 = 0. Let o(c) = -2 + c + u - 2. Let k be 0/(2*3/(-6)). What is o(k)?
1
Let c(a) = -a**3 + 7*a**2 - a + 6. Let v(n) = -5*n - 38. Let o be v(-9). Give c(o).
-1
Suppose 3*y - 4 - 11 = 0. Suppose -y*a + 4*i - 3 = 0, -4*a = -5*i + 3 + 3. Let c(v) = 8*v**2 - v. Give c(a).
7
Let a(h) be the first derivative of h**6/180 + h**5/120 - h**4/24 + 4*h**3/3 + 3. Let m(n) be the third derivative of a(n). What is m(-2)?
5
Let a(u) = 4*u**3 + 142*u - 1 - 2*u**3 - 144*u. Suppose 10 + 2 = 4*b. Let q be (-5)/b + 4/6. Determine a(q).
-1
Let l be (-36)/(-30)*5/2. Let i(f) = f**l + 40 + 4*f - 5*f - 45. Calculate i(0).
-5
Let l(f) = -2*f**3 + 4*f**2 - 3*f. Let x = -29 - -31. What is l(x)?
-6
Let k(n) = n**2. Suppose -10 = -2*h + 12*h. Give k(h).
1
Suppose -4*q + 0*n + 29 = n, q - 5*n = 2. Suppose 4 = m + q. Let p(l) = l**2 + 2*l + l**2 + l**3 + l**2 + 1. Give p(m).
-5
Let z(p) be the third derivative of -p**5/15 + p**3/6 + 4*p**2. Let j(m) = 1 - 2*m**2 - 7*m**2 + 1. Let t(q) = -3*j(q) + 5*z(q). Calculate t(-1).
6
Let s(t) = 53 + 4*t - 53. Calculate s(2).
8
Let v be (-5)/2*(-18)/15. Suppose -v*u = -2*r + 11, -4*u - 2*r - 26 = r. Let z(a) = -a**3 - 4*a**2 + 8*a + 7. Determine z(u).
-8
Let r(h) = -h**3 + h**2 - h + 4. Let u = 8 - 6. Let l = u + -1. Let v be l*(-2 + 2 + 0). Determine r(v).
4
Let h(g) = g - 7. Suppose -o - 2*s - 3 = 0, -o - 39 = 2*o - 4*s. Let u be (-3)/o - 34/(-6). Let r be h(u). Let t(x